 - -790. Suppose z + 1131 = 4*a. Is a a prime number?
True
Let y be (-12)/(-30) + (-48)/(-5). Suppose y*g - 14444 = -4674. Is g prime?
True
Let p(q) = 119*q**2 - 9*q + 21. Is p(5) composite?
True
Suppose -5*x = -3*d + 34, -d + 5*x + 15 = -3. Let z be 550/8 - (-2)/d. Suppose 4*n - 3*t - z = 0, -5*t + 89 + 20 = 4*n. Is n a prime number?
False
Suppose -5*b - 2 - 4 = -2*p, 5*p + 2*b - 15 = 0. Let v(k) = 165*k + 6. Is v(p) a composite number?
True
Let y = -5 + 20. Suppose 3*i - 5*s - y - 2 = 0, 14 = -2*i - 3*s. Is i*(3 + -6) + 1478 composite?
False
Is (-5)/((-60)/892)*(-159)/(-1) composite?
True
Suppose 17*p - 3426 - 10837 = 0. Is p a composite number?
False
Is (634/(-1))/(1/(-17)*2) a prime number?
False
Suppose -4*w = -4 - 8. Suppose 5*i - w*h = -h + 1353, i - h - 270 = 0. Is i prime?
True
Suppose 0 = -22*q + 161027 + 126535. Is q a composite number?
True
Let o = 9 - 7. Is (-178*o/(-4))/1 prime?
True
Suppose 7*n - 3*n = 12. Suppose 5*x - 9 = -n*m, -4*m + 7 = -5. Let a = x + 4. Is a composite?
True
Suppose 5427 = -3*k + r + 34804, 3*r + 39176 = 4*k. Is k a prime number?
True
Let j be 3/(1 + 0 + 0). Suppose n + 0*n = t - 339, j*t + n - 1005 = 0. Suppose 3*b - x - t = 0, 2*b - 4*x - x = 211. Is b a prime number?
True
Let n(a) = -2*a + 29. Let u be n(13). Suppose -u*f + 1636 = f. Is f a prime number?
True
Let l be (-6120)/7 + (-4)/(-14). Let r be (-7 - -8)/((-2)/l). Suppose -2*o + r = -m, 0*m - 5*m = 2*o - 443. Is o prime?
False
Let t = -2 - -7. Is t/(-4) + 29094/24 composite?
True
Let i = 37249 - 19974. Suppose 2*x = -x, 5*z - 3*x - i = 0. Is z prime?
False
Suppose 4*l - 10 = -2. Suppose 26*t - 24*t = 4. Suppose 301 = l*j + 3*b - 8*b, -2*b + 336 = t*j. Is j composite?
False
Let c(u) = -27*u + 11. Let b be (2*3/(-6))/((-7)/(-63)). Is c(b) composite?
True
Let c(o) = -158*o**3 + 4*o**2 + 3*o - 3. Let x be c(-3). Let w = x - 2779. Is w composite?
False
Let r be ((-1)/((-6)/(-4)))/(10/(-120)). Is 2*(-1)/(r/(-820)) + -2 a prime number?
False
Suppose 985*l - 993*l + 381688 = 0. Is l composite?
False
Suppose -4*k + 182218 = -2*u, 5*k - 328055 = -5*u - 100305. Is k a prime number?
True
Let b be (-6)/33 - 356/(-22). Suppose t = -2*c - 2 + 9, -b = 4*t - 3*c. Is 100 - (-4 - -1)*t a prime number?
True
Let u(b) = -b**3 + 7*b**2 - b + 8. Let c = 18 + -21. Let f be c/((4 + -2)/(-4)). Is u(f) composite?
True
Is (-47760)/(-138) + 6/(-69) a composite number?
True
Let s = 8 - 4. Suppose s*q = -0*q + 212. Is q a composite number?
False
Suppose -k - 10 = -14, -2*k = 2*n - 37902. Is n prime?
True
Let m(a) = -10*a - 4. Let h be m(-5). Let z = h + -27. Suppose -2*b = -93 + z. Is b a composite number?
False
Let v(w) = w**2 + w + 12623. Is v(0) prime?
False
Let y = 4 - -4. Let r be (2/(-4))/((-1)/y). Suppose -r*i - 5*x = -331, -i + 78 = -5*x + 14. Is i a prime number?
True
Let d = 0 + 2. Let y(c) = 9*c**3 + c**2 - c + 2. Let j be y(d). Is -2*1*j/(-8) prime?
True
Let z = 37226 - 14965. Is z a composite number?
True
Let l = 12 + -5. Let g(o) = 2*o**3 - 6*o**2 - o + 10. Is g(l) a composite number?
True
Is (-2)/(-5) - (-24668239)/565 composite?
False
Suppose 2*j = -4*h + 26, h = -2*h + 15. Suppose -10 = j*p - 3307. Is p prime?
False
Let b be 0 + (-13 + 4)/(-3). Suppose o + 190 + 187 = 2*d, -5*d + b*o = -943. Is d/5 + 10/25 a composite number?
True
Let w(r) = -2*r**2 + 4*r + 11. Let x be 4/(-34) + 138/17. Let f be w(x). Let q = f + 206. Is q a composite number?
True
Let v = 23 - 23. Suppose -2*i - 4*q + 1586 = v, -196 = 2*i + 2*q - 1782. Is i prime?
False
Suppose -57 = 4*o + 23. Let z = o - -23. Suppose 2*c = -2*w - 2*w + 38, 5*c - z*w - 43 = 0. Is c composite?
False
Suppose 69*y + 11*y - 2814160 = 0. Is y a prime number?
False
Let g(w) = 241*w**3 - w**2 + 4*w + 6. Let z be g(-2). Is (z/(-8))/((-1)/4*-1) composite?
False
Let v(g) = -393*g - 1. Let n be v(1). Let y(z) = -689*z + 2. Let u be y(1). Let f = n - u. Is f a composite number?
False
Let u(s) = 2*s + 4. Let x be u(-2). Suppose 2*b + 4*m + 110 - 604 = x, 6 = -3*m. Is b a prime number?
True
Let d = -71 - -76. Suppose -8*g - 25727 = -5*l - 4*g, d*g - 20598 = -4*l. Is l composite?
False
Suppose 0 = 40*u - 16*u - 8040. Is u a composite number?
True
Suppose 7*z = -0*z - 7. Is (1389 - -6) + (-2 - z)*-2 a composite number?
True
Suppose -2*o - 300 = 508. Is (0 - -12)*o/16*-1 composite?
True
Suppose 4*z - 347 = h, 0 = -2*h - 3*z - 0*z - 672. Is (-2)/(h/111 + 3) prime?
True
Let h = 76 + -70. Is 1350/4 - 3/h composite?
False
Let f(b) = -b**3 + 8*b**2 + 8*b + 12. Let q be f(9). Suppose 3*o - 1031 = 4*y, 4*o - q*y - 1372 = y. Is o prime?
False
Suppose -4*d = 2*w - 1920, 4*d - 3354 - 1428 = -5*w. Is (-2)/2*-2 + 3 + w a composite number?
True
Let j(g) = 75*g**3 - 5*g**2 - 2*g + 10. Is j(6) prime?
False
Suppose 0*l - 12 = 5*k - 2*l, -k = -l + 3. Is 129 + 1 + k + -1 composite?
False
Suppose -2090 = -2*j - 4*z, -5*z = j + 4*j - 5225. Let g = 498 + j. Is g composite?
False
Let g = 153 - 149. Suppose 5*s + k = -3*k + 63825, g*s - 51039 = k. Is s a prime number?
False
Suppose -554 - 1057 = 3*o. Is 594/81*o/(-2) a composite number?
True
Let n(x) = x**3 - x**2 + 3*x + 12. Let g be n(-6). Let s = -143 - g. Is s composite?
True
Let t be ((-1)/(-4))/(6/151224). Suppose 0 = 5*p - 984 - t. Is p a prime number?
False
Suppose -3*c + 35332 = 5*i, 0 = -i - 13*c + 10*c + 7064. Is i a prime number?
False
Let c be 1 + 2*6/4. Suppose -4*k = -c*z + 96524, -3*z + 32340 = 3*k + 104739. Is 4/34 - k/68 prime?
False
Let u(w) = -w**3 + w**2 + 19*w + 49. Is u(-12) prime?
True
Suppose -58*b + 11087 = -57*b. Is b composite?
False
Let k be (-5)/(-4)*(0 - -4). Suppose -3*o + 38 = k*q, 0 = -q - 5*o + 7 - 17. Let g(w) = w**3 - 10*w**2 + 9*w - 1. Is g(q) composite?
False
Let w(i) = -3*i**3 - 6*i**2 - 26*i + 10. Let h be w(-13). Let r = h + -2584. Is r prime?
False
Let l be (-216)/(-15) + 2/(-5). Suppose 0 = -3*r + 194 + 79. Let d = r - l. Is d a composite number?
True
Let f be 1/1 + -1*(0 + 3). Let o(y) be the second derivative of -9*y**5/10 + y**4/6 + y**3/2 + 3*y**2/2 + y. Is o(f) a composite number?
False
Let q(d) = -d**3 - 6*d**2 + 3*d - 3. Let p be q(-6). Let a = -21 - p. Suppose -5*s + 10*s - 95 = a. Is s a composite number?
False
Let q(a) = 7*a**2 - 3*a + 6. Let j be q(6). Suppose -4*d - 13*d = -493. Let b = j - d. Is b composite?
False
Let s(f) = 57 + 0*f + 174 - 2*f + 40. Is s(0) a prime number?
True
Let d(p) = -1530*p + 87. Is d(-5) a composite number?
True
Is (9546/(-4) + 2)/((-17)/34) a prime number?
False
Let z be 4/((-140)/15) + 62/14. Is (-4935)/(-63) - z/(-6) a composite number?
False
Let i be (-6)/(-9) + -2*(-11)/(-6). Let a(f) = -54*f**3 + 3*f**2 + 3*f + 1. Is a(i) a composite number?
True
Suppose -73989 - 134274 = -33*g. Is g a composite number?
False
Let m = 13402 + -7283. Is m a composite number?
True
Suppose 0 = 8*k + 3*k - 33. Suppose -2252 = g - k*g. Is g prime?
False
Let u be (-8)/(-10) + 238/(-35). Let z(n) = -n**3 - 6*n**2 + 3*n - 5. Let j be z(u). Let c = j + 82. Is c a prime number?
True
Suppose -6524 - 4581 = -5*r. Is r composite?
False
Let n = -1050 - -3367. Is n composite?
True
Suppose 0 = 12*v - 9*v + 3. Is ((-1)/v)/((-14)/(-25522)) composite?
False
Let d(a) = -2*a**2 - a - 3. Let s be d(-3). Let r(h) = -h**2 - 30*h + 17. Is r(s) composite?
False
Let f be (-1)/1*0*-1. Suppose f = 4*s + 2517 - 8089. Is s a prime number?
False
Let a be 7/(-21) + (-9587)/3. Let q = a + 5402. Is q composite?
True
Suppose 1 = 4*r + 25. Let x be 3/r + 11/2. Suppose x*s + 65 = 240. Is s a composite number?
True
Let d(l) = l**2 - 16*l + 17. Let q be d(15). Suppose -2*y + g = -3, q*g = 3*y - 2*y. Suppose 1256 = y*p - 3*u, p + 0*u + 5*u = 641. Is p a prime number?
True
Let z = -132 - -203. Suppose -4510 = -3*d + z. Is d prime?
False
Let s(f) be the second derivative of -f**6/120 - 2*f**5/15 - f**4/6 + 5*f**3/6 - f**2 - f. Let c(d) be the first derivative of s(d). Is c(-8) composite?
False
Let q be (-6)/36 + 313/12*74. Suppose -5*r + 3*h - 11 + 25 = 0, 4*h = 8. Suppose o + 3*o - q = -2*s, 983 = s - r*o. Is s a composite number?
False
Suppose -2*w + 24 = -32. Suppose -w = -0*a - 4*a. Suppose -a*k + 2*k = -4585. Is k prime?
False
Let u(p) = 28*p**2 + 4*p - 13. Let n(r) = 2*r**2 - 9*r + 9. Let x be n(4). Is u(x) prime?
False
Let y be (-4)/(4 - 2) - -11. Suppose 6*v + 